ulate the remainder when j is divided by b.
5
Let z(f) = -8*f**2 - 4*f - 5. Let v be z(-2). Let n = v + 44. Calculate the remainder when 58 is divided by n.
13
Suppose s - 6*s - 3*l + 325 = 0, -2*s + 2*l + 114 = 0. Suppose 2*b = -0*b + 8, -4*a + 2*b = -76. Calculate the remainder when s is divided by a.
20
Let h(m) = 29*m + 23. What is the remainder when h(2) is divided by 18?
9
Suppose -4*g + 2*n = -24, 6 = -5*g - 3*n + 25. What is the remainder when (-34)/((-185)/111 - (-1)/(-3)) is divided by g?
2
Let g = -8 - -61. Calculate the remainder when g is divided by 11.
9
Let q be ((-24)/(-18))/(2/3). Suppose 4 = 2*t - 4*j, -6*j + 2*j + q = -t. Let y(u) = 3*u - 10. Calculate the remainder when y(7) is divided by t.
5
Suppose -5*q = -3*v + 38, -q + 2 = v - 4*v. Let y(f) = -f**3 + 17*f**2 - 15*f + 8. Let u be y(16). Let o = q + u. What is the remainder when o is divided by 8?
6
Let b(r) = -r**3 - 6*r**2 - 6*r - 3. Let a be b(-5). Suppose 4*c + a*w - 65 + 3 = 0, -4*w - 2 = c. Calculate the remainder when 51 is divided by c.
15
What is the remainder when 24 is divided by 4/(-18) - 88/(-72) - -8?
6
Let d = 5 - 0. Suppose 0*h = 5*h - 2*n - 26, d*n = -h + 16. Calculate the remainder when 23 is divided by h.
5
Suppose -4*y + 6 = -2*y. Suppose -y*r - r + 76 = 0. Calculate the remainder when r is divided by 5.
4
Let f(c) = c**3 + 5*c**2 + 5*c + 5. Let g = -6 - -2. Let m(r) = r**2 - 3*r - 2. Calculate the remainder when m(-1) is divided by f(g).
0
Suppose -u = 3*p - 92, 57 = 2*p + 5*u - 0*u. Suppose -1 - 47 = -6*q. Calculate the remainder when p is divided by q.
7
Suppose m = 2*z - 12 + 2, 4*m + 10 = -2*z. What is the remainder when 76/10 - (-9)/(-15) is divided by z?
1
Suppose 4*t + j + 3*j = 68, 0 = -4*j - 8. Calculate the remainder when 54 is divided by t.
16
Let w be (1 + -9)*1/(-4). Suppose 8 = -f + w*f. What is the remainder when 15 is divided by f?
7
Let p = -9 - -18. Let y(h) = 3*h + 2. What is the remainder when 56 is divided by y(p)?
27
Let w(j) = -12*j - 32. What is the remainder when 156 is divided by w(-6)?
36
Suppose 0 = 5*k - 36 + 6. Calculate the remainder when 12 is divided by k.
0
Let z(t) = t**2 + 3*t - 2. Calculate the remainder when 92 is divided by z(3).
12
Suppose 0*y = 5*y - 100. Let z(i) = i**2 + 5*i + 1. Calculate the remainder when y is divided by z(-6).
6
Let g = -28 + 55. Let t(h) = 19*h - 1. Let m be t(3). Suppose 4*i = -0*i + m. What is the remainder when g is divided by i?
13
Let t(k) = k - 3. Let q be t(5). Suppose -2*w = 32 - q. Let d = 26 + w. Calculate the remainder when 42 is divided by d.
9
Suppose 3*p - 5*h = 5 - 1, -2*h - 4 = -2*p. Suppose 4*s + s = -75. Let b = s - -18. What is the remainder when p is divided by b?
0
Let o be 6/(-9) - (-112)/(-12). Let n = 0 - o. What is the remainder when 19 is divided by n?
9
Let p(y) = 10*y + 1. Let x(d) = 4*d + 35. Calculate the remainder when p(1) is divided by x(-7).
4
Suppose z - 3 = 0, 2*q = 4*q - z - 213. Calculate the remainder when q is divided by 28.
24
Suppose -3*c - 4 = 2*q, q = -c - 1 - 0. Calculate the remainder when 1 is divided by q.
0
Suppose -3*l = q - 3, -61 = -4*q + 3*l + 11. What is the remainder when 42 is divided by q?
12
Suppose -w = -25 - 10. Let y be ((-42)/w)/(6/(-40)). Suppose 11 = p - y. What is the remainder when p is divided by 7?
5
Suppose -2*k + 5*o = 5, -k - 40 = -o + 6*o. Let s(q) = -3*q - 18. What is the remainder when 106 is divided by s(k)?
25
What is the remainder when 56 is divided by (2 - 3)*1 - -16?
11
Let g(l) = -3*l**3 + l**2. Let v be g(-1). Suppose -5*n = 6*s - 5*s - 16, s = v*n - 11. Calculate the remainder when 22 is divided by s - (-9 + 0) - 2.
6
Let i = 51 - 28. What is the remainder when i is divided by 13?
10
Suppose -3*l = -2*f + 19, -4*f + l = -6*f - 1. Suppose -n - 2*a - 1 = 8, -30 = 2*n - 2*a. Let q = 15 + n. Calculate the remainder when f is divided by q.
0
Suppose -5*o + 45 = 2*j, -4*o - 6 = j - 21. What is the remainder when j is divided by 124/10 - (-18)/(-45)?
11
Let y(f) = -4*f**2 + 4*f + 3. Let v be y(-2). Let n(a) = -2*a**2 - 1. Let l be n(-2). Let x = l - v. Calculate the remainder when 22 is divided by x.
10
Suppose -3*o - x + 9 = 0, -2*o + 18 = o + 4*x. What is the remainder when o*17 + (-13 - -16) is divided by (2 - 1) + (-12)/(-1)?
11
Let u(k) = 2*k - 11. Suppose -6 = -2*j + 3*j. Let d = 9 + j. What is the remainder when u(8) is divided by d?
2
Let o(v) be the first derivative of -15*v**2/2 - 2*v + 2. Let h(n) = -n + 22. What is the remainder when o(-2) is divided by h(7)?
13
Let z(m) = m**2 + m - 6. What is the remainder when z(-6) is divided by 13?
11
Let w be 28/10 + (-1)/(-5). Suppose -w*d + 6*d + 72 = 3*y, y - 2*d = 23. What is the remainder when y is divided by 14?
11
What is the remainder when (-16)/(-20)*20/8 is divided by 2?
0
Suppose -5*x = -4*g + 7, 4*x + 22 = -g - 4*g. Let o be (-1 - (g - 0))*-2. Let r = o - -9. What is the remainder when 12 is divided by r?
5
Let j be (10/8)/((-3)/(-36)). Suppose l - k + 0*k = j, 0 = 3*l - 2*k - 40. What is the remainder when 29 is divided by l?
9
Suppose 6*j = 2*j + 4*n + 236, 0 = j + n - 53. What is the remainder when j is divided by 19?
18
Suppose -10 = -j - 3*i, -8 = -2*j - 2*i + 12. Let f be ((-3)/5)/((-2)/j). Calculate the remainder when 31 is divided by (16/3)/(f/9).
15
Calculate the remainder when 7 is divided by (10/8 + -3)*-4.
0
Suppose 4*c - 4*d + 24 = 0, -d = -c + 2*d - 12. Let h(a) = 5*a**2 - 3*a - 3. What is the remainder when h(c) is divided by 13?
12
Let h = -34 - -53. What is the remainder when h is divided by 3?
1
Suppose -2*v + 5*m = -7*v + 125, 5*m + 25 = 0. What is the remainder when v is divided by 8?
6
Let g(d) = -5*d. Let b(x) = x**3 - 3*x**2 - 6*x + 6. Let p be b(4). Let m = 1 + p. Calculate the remainder when g(m) is divided by 3.
2
Let k(p) = p - 10 - p**3 + 9*p**2 + 0*p**3 + 0*p**3. Let g be k(9). What is the remainder when 14 is divided by g + 2 + (-4)/(-1)?
4
Let h = 13 - 1. What is the remainder when 23 is divided by h?
11
Let f be -74*1*(-1)/2. Let d = -53 + f. Let w = d + 32. What is the remainder when w is divided by 9?
7
Let h(i) = -i**2 - 6*i. Let n be h(-6). Suppose -3*j = -n*j - 6. Suppose 3*f - 4 = 8. What is the remainder when f is divided by j?
0
Let t(b) = 8*b**3 - b**2 - b + 1. Let g be t(1). Suppose 0 = a - g - 2. Calculate the remainder when 15 is divided by a.
6
Let b(j) = j**3 + 5*j**2 + 3*j - 4. Let h(t) = 2*t**2 - t - 2. What is the remainder when h(3) is divided by b(-3)?
3
Suppose 3*p = 6, -5*b - 3*p + 48 = -2*b. Calculate the remainder when b is divided by 4 - (-1 + 3) - -2.
2
Suppose -p + y - 13 = -2*p, 0 = -p + 4*y - 12. Let x = p - 1. Suppose 2*g + 0*k - k = 23, 3*g - 45 = -2*k. What is the remainder when g is divided by x?
6
Let n(c) = -5*c + 3. Let l(i) = i + 9. Let f be l(-4). Let d be n(f). Calculate the remainder when (d/8)/(2/(-8)) is divided by 6.
5
Suppose -24 = -4*k - 0*k. Suppose -4*p + 3*u + 57 = -0*p, 59 = 4*p - u. What is the remainder when p is divided by k?
3
Let a = 14 - 4. Let h = 12 - 12. Let n = h + 6. What is the remainder when a is divided by n?
4
Suppose -8*b - 20 = -13*b. Suppose -b*l = -l - 30. What is the remainder when l is divided by 2?
0
Suppose 0 = -3*j + 13 + 35. Calculate the remainder when 11 is divided by (-4 + 3)/((-4)/j).
3
Calculate the remainder when 42 is divided by (33/(-2))/(((-63)/12)/7).
20
Let a(l) = -l**3 + 9*l**2 - 6*l - 7. Calculate the remainder when a(5) is divided by 13.
11
Let u(y) = -y + 16. Let a be u(7). Let n be (4 - a)*(-8)/(-2). Let q = n - -37. Calculate the remainder when q is divided by 6.
5
Let r(j) = -j**2 + j + 4. Let b be r(0). Suppose 5*c + b*y - 14 = 0, 2*c - 4*y = -6*y + 6. Calculate the remainder when -1*(-1)/c*68 is divided by 12.
10
Let f = 60 - 41. What is the remainder when 75 is divided by f?
18
Suppose 3*w - 34 = r, 0 = 2*r - 0*r - 2*w + 64. Let l = r - -46. Calculate the remainder when 28 is divided by l.
13
Let h(j) = 13*j**2 - 12 - 5*j + 3*j + 11. Let a be h(-1). Let o = -8 + a. Calculate the remainder when 10 is divided by o.
4
Calculate the remainder when 69 is divided by ((-60)/9)/((-4)/6).
9
Suppose -6*j + 105 = j. Calculate the remainder when 29 is divided by j.
14
Suppose -2*n - 48 = -4*n. What is the remainder when 44 is divided